{"id":573741,"date":"2024-07-02T18:23:26","date_gmt":"2024-07-02T18:23:26","guid":{"rendered":"https:\/\/sapoencantado.es\/index.php\/producto\/pj-masks-super-gatauto-vehiculo-y-figura-del-gato-de-pj-masks\/"},"modified":"2025-12-28T17:05:23","modified_gmt":"2025-12-28T16:05:23","slug":"pj-masks-super-gatauto-vehiculo-y-figura-del-gato-de-pj-masks","status":"publish","type":"product","link":"https:\/\/sapoencantado.es\/index.php\/producto\/pj-masks-super-gatauto-vehiculo-y-figura-del-gato-de-pj-masks\/","title":{"rendered":"PJ Masks &#8211; Super Gatauto, veh\u00edculo y figura del gato de PJ Masks."},"content":{"rendered":"<p style=\"margin:0px0px10px;font-family:\">Es hora de ser un verdadero h\u00e9roe! Los ni\u00f1os en edad preescolar pueden ir al rescate con este veh\u00edculo y su figura.<\/p>\n<p style=\"margin:0px0px10px;font-family:\">Tiene sonido y luces incorporadas.<\/p>\n<p style=\"margin:0px0px10px;font-family:\">\u00a1Con este veh\u00edculo y Gatuno podr\u00e1s ir m\u00e1s r\u00e1pido que nunca!<\/p>\n<p style=\"margin:0px0px10px;font-family:\">Funciona con 3 pilas, incluidas.<\/p>\n<p style=\"margin:0px0px10px;font-family:\">Edad recomendada: +3 a\u00f1os.<\/p>\n<p style=\"margin:0px0px10px;font-family:\">Advertencias de Seguridad: PELIGRO DE ASFIXIA: Contiene piezas peque\u00f1as que podr\u00edan provocar asfixia en caso de ser ingeridas por el ni\u00f1o\/a. No recomendable para menores de 3 a\u00f1os. Util\u00edcelo bajo vigilancia directa de un adulto. Instrucciones en el interior. Leerlas detenidamente antes de empezar a jugar. Los colores del contenido pueden diferir de los mostrados en la caja.<\/p>\n","protected":false},"excerpt":{"rendered":"<p>Pjmask coches Jet<\/p>\n","protected":false},"featured_media":573681,"comment_status":"open","ping_status":"closed","template":"","meta":{"_monsterinsights_skip_tracking":false,"_monsterinsights_sitenote_active":false,"_monsterinsights_sitenote_note":"","_monsterinsights_sitenote_category":0,"site-sidebar-layout":"default","site-content-layout":"","ast-site-content-layout":"default","site-content-style":"default","site-sidebar-style":"default","ast-global-header-display":"","ast-banner-title-visibility":"","ast-main-header-display":"","ast-hfb-above-header-display":"","ast-hfb-below-header-display":"","ast-hfb-mobile-header-display":"","site-post-title":"","ast-breadcrumbs-content":"","ast-featured-img":"","footer-sml-layout":"","ast-disable-related-posts":"","theme-transparent-header-meta":"","adv-header-id-meta":"","stick-header-meta":"","header-above-stick-meta":"","header-main-stick-meta":"","header-below-stick-meta":"","astra-migrate-meta-layouts":"default","ast-page-background-enabled":"default","ast-page-background-meta":{"desktop":{"background-color":"var(--ast-global-color-4)","background-image":"","background-repeat":"repeat","background-position":"center center","background-size":"auto","background-attachment":"scroll","background-type":"","background-media":"","overlay-type":"","overlay-color":"","overlay-opacity":"","overlay-gradient":""},"tablet":{"background-color":"","background-image":"","background-repeat":"repeat","background-position":"center center","background-size":"auto","background-attachment":"scroll","background-type":"","background-media":"","overlay-type":"","overlay-color":"","overlay-opacity":"","overlay-gradient":""},"mobile":{"background-color":"","background-image":"","background-repeat":"repeat","background-position":"center center","background-size":"auto","background-attachment":"scroll","background-type":"","background-media":"","overlay-type":"","overlay-color":"","overlay-opacity":"","overlay-gradient":""}},"ast-content-background-meta":{"desktop":{"background-color":"var(--ast-global-color-5)","background-image":"","background-repeat":"repeat","background-position":"center center","background-size":"auto","background-attachment":"scroll","background-type":"","background-media":"","overlay-type":"","overlay-color":"","overlay-opacity":"","overlay-gradient":""},"tablet":{"background-color":"var(--ast-global-color-5)","background-image":"","background-repeat":"repeat","background-position":"center center","background-size":"auto","background-attachment":"scroll","background-type":"","background-media":"","overlay-type":"","overlay-color":"","overlay-opacity":"","overlay-gradient":""},"mobile":{"background-color":"var(--ast-global-color-5)","background-image":"","background-repeat":"repeat","background-position":"center center","background-size":"auto","background-attachment":"scroll","background-type":"","background-media":"","overlay-type":"","overlay-color":"","overlay-opacity":"","overlay-gradient":""}}},"product_brand":[],"product_cat":[238,370,15,240],"product_tag":[32,404,368],"class_list":{"0":"post-573741","1":"product","2":"type-product","3":"status-publish","4":"has-post-thumbnail","6":"product_cat-juguetes-de-accion","7":"product_cat-coches","8":"product_cat-tus-juguetes-favoritos","9":"product_cat-superheroes","10":"product_tag-3-anos","11":"product_tag-pjmacks","12":"product_tag-vehiculo","13":"desktop-align-left","14":"tablet-align-left","15":"mobile-align-left","17":"first","18":"instock","19":"taxable","20":"shipping-taxable","21":"purchasable","22":"product-type-simple"},"aioseo_notices":[],"jetpack_sharing_enabled":true,"jetpack_likes_enabled":true,"_links":{"self":[{"href":"https:\/\/sapoencantado.es\/index.php\/wp-json\/wp\/v2\/product\/573741","targetHints":{"allow":["GET"]}}],"collection":[{"href":"https:\/\/sapoencantado.es\/index.php\/wp-json\/wp\/v2\/product"}],"about":[{"href":"https:\/\/sapoencantado.es\/index.php\/wp-json\/wp\/v2\/types\/product"}],"replies":[{"embeddable":true,"href":"https:\/\/sapoencantado.es\/index.php\/wp-json\/wp\/v2\/comments?post=573741"}],"wp:featuredmedia":[{"embeddable":true,"href":"https:\/\/sapoencantado.es\/index.php\/wp-json\/wp\/v2\/media\/573681"}],"wp:attachment":[{"href":"https:\/\/sapoencantado.es\/index.php\/wp-json\/wp\/v2\/media?parent=573741"}],"wp:term":[{"taxonomy":"product_brand","embeddable":true,"href":"https:\/\/sapoencantado.es\/index.php\/wp-json\/wp\/v2\/product_brand?post=573741"},{"taxonomy":"product_cat","embeddable":true,"href":"https:\/\/sapoencantado.es\/index.php\/wp-json\/wp\/v2\/product_cat?post=573741"},{"taxonomy":"product_tag","embeddable":true,"href":"https:\/\/sapoencantado.es\/index.php\/wp-json\/wp\/v2\/product_tag?post=573741"}],"curies":[{"name":"wp","href":"https:\/\/api.w.org\/{rel}","templated":true}]}}