{"id":582366,"date":"2024-07-08T18:03:42","date_gmt":"2024-07-08T18:03:42","guid":{"rendered":"https:\/\/sapoencantado.es\/index.php\/producto\/bebes-llorones-playtime-mini-set-de-juego-varios-modelos\/"},"modified":"2024-11-13T09:20:32","modified_gmt":"2024-11-13T08:20:32","slug":"bebes-llorones-playtime-mini-set-de-juego-varios-modelos","status":"publish","type":"product","link":"https:\/\/sapoencantado.es\/index.php\/producto\/bebes-llorones-playtime-mini-set-de-juego-varios-modelos\/","title":{"rendered":"Beb\u00e9s Llorones &#8211;  Playtime &#8211; Mini Set de juego (varios modelos)"},"content":{"rendered":"<p style=\"margin: 0px0px10px;\"><strong style=\"font-weight: bold;\">Beb\u00e9s Llorones &#8211; Playtime &#8211; Mini Set de juego (varios modelos)<\/strong>, una habitaci\u00f3n con 14 accesorios y un gracioso beb\u00e9 llor\u00f3n que llora de verdad.<\/p>\n<p style=\"margin: 0px0px10px;\">Empieza a construir tu mundo Playtime con este incre\u00edble MINI PLAYSET! Hay tres diferentes para coleccionar. Cada uno es una habitaci\u00f3n diferente de la guarder\u00eda, donde todos los personajes se divertir\u00e1n jugando y cuid\u00e1ndose los unos a los otros.<\/p>\n<p style=\"margin: 0px0px10px;\">Comienza a construir tu mundo Playtime con estos tres escenarios. Puedes conseguir <strong style=\"font-weight: bold;\">la cocina de Chloe, el ba\u00f1o de Bella y la sala de juegos de Maddy<\/strong>.<\/p>\n<p style=\"margin: 0px0px10px;\">Crea infinitas historias con estos tres sets de juegos extensibles y sus exclusivos personajes (se venden por separado).<\/p>\n<p style=\"margin: 0px0px10px;\">\u00a1El playset es <strong style=\"font-weight: bold;\">extensible<\/strong>! Levanta el techo para descubrir la zona de descanso. Abre uno de los laterales y haz que la zona de juego sea m\u00e1s grande. \u00a1Estos playsets incluyen figuras exclusivas!<\/p>\n<p style=\"margin: 0px0px10px;\">Da el zumito a las mini-mu\u00f1ecas, presiona sus cabezas y&#8230; \u00a1llorar\u00e1n l\u00e1grimas de verdad! Adem\u00e1s, con las l\u00e1grimas m\u00e1gicas revelar\u00e1s una imagen sorpresa en uno de los accesorios.<\/p>\n<p style=\"margin: 0px0px10px;\">Las mini mu\u00f1ecas van vestidas con un <strong style=\"font-weight: bold;\">adorable conjunto de silicona a juego con su animal<\/strong>.<\/p>\n<p style=\"margin: 0px0px10px;\">Cada set de juego viene con <strong style=\"font-weight: bold;\">14 accesorios<\/strong>: 4 accesorios personalizados, 2 perchas, 3 tapetes de juego, 2 conjuntos de ropa, un par de zapatos y un zumito. \u00a1<\/p>\n","protected":false},"excerpt":{"rendered":"<p>Bebes Llorones set de 14 accesorios<\/p>\n","protected":false},"featured_media":582359,"comment_status":"open","ping_status":"closed","template":"","meta":{"_monsterinsights_skip_tracking":false,"_monsterinsights_sitenote_active":false,"_monsterinsights_sitenote_note":"","_monsterinsights_sitenote_category":0,"site-sidebar-layout":"default","site-content-layout":"","ast-site-content-layout":"default","site-content-style":"default","site-sidebar-style":"default","ast-global-header-display":"","ast-banner-title-visibility":"","ast-main-header-display":"","ast-hfb-above-header-display":"","ast-hfb-below-header-display":"","ast-hfb-mobile-header-display":"","site-post-title":"","ast-breadcrumbs-content":"","ast-featured-img":"","footer-sml-layout":"","ast-disable-related-posts":"","theme-transparent-header-meta":"default","adv-header-id-meta":"","stick-header-meta":"","header-above-stick-meta":"","header-main-stick-meta":"","header-below-stick-meta":"","astra-migrate-meta-layouts":"set","ast-page-background-enabled":"default","ast-page-background-meta":{"desktop":{"background-color":"var(--ast-global-color-4)","background-image":"","background-repeat":"repeat","background-position":"center center","background-size":"auto","background-attachment":"scroll","background-type":"","background-media":"","overlay-type":"","overlay-color":"","overlay-opacity":"","overlay-gradient":""},"tablet":{"background-color":"","background-image":"","background-repeat":"repeat","background-position":"center center","background-size":"auto","background-attachment":"scroll","background-type":"","background-media":"","overlay-type":"","overlay-color":"","overlay-opacity":"","overlay-gradient":""},"mobile":{"background-color":"","background-image":"","background-repeat":"repeat","background-position":"center center","background-size":"auto","background-attachment":"scroll","background-type":"","background-media":"","overlay-type":"","overlay-color":"","overlay-opacity":"","overlay-gradient":""}},"ast-content-background-meta":{"desktop":{"background-color":"var(--ast-global-color-5)","background-image":"","background-repeat":"repeat","background-position":"center center","background-size":"auto","background-attachment":"scroll","background-type":"","background-media":"","overlay-type":"","overlay-color":"","overlay-opacity":"","overlay-gradient":""},"tablet":{"background-color":"var(--ast-global-color-5)","background-image":"","background-repeat":"repeat","background-position":"center center","background-size":"auto","background-attachment":"scroll","background-type":"","background-media":"","overlay-type":"","overlay-color":"","overlay-opacity":"","overlay-gradient":""},"mobile":{"background-color":"var(--ast-global-color-5)","background-image":"","background-repeat":"repeat","background-position":"center center","background-size":"auto","background-attachment":"scroll","background-type":"","background-media":"","overlay-type":"","overlay-color":"","overlay-opacity":"","overlay-gradient":""}}},"product_brand":[],"product_cat":[15,267],"product_tag":[78,346,369,380,342],"class_list":{"0":"post-582366","1":"product","2":"type-product","3":"status-publish","4":"has-post-thumbnail","6":"product_cat-tus-juguetes-favoritos","7":"product_cat-munecas-mini","8":"product_tag-4-anos","9":"product_tag-agua","10":"product_tag-bebes-llorones","11":"product_tag-imc","12":"product_tag-munecas","13":"desktop-align-left","14":"tablet-align-left","15":"mobile-align-left","17":"first","18":"instock","19":"taxable","20":"shipping-taxable","21":"purchasable","22":"product-type-simple"},"aioseo_notices":[],"jetpack_sharing_enabled":true,"jetpack_likes_enabled":true,"_links":{"self":[{"href":"https:\/\/sapoencantado.es\/index.php\/wp-json\/wp\/v2\/product\/582366","targetHints":{"allow":["GET"]}}],"collection":[{"href":"https:\/\/sapoencantado.es\/index.php\/wp-json\/wp\/v2\/product"}],"about":[{"href":"https:\/\/sapoencantado.es\/index.php\/wp-json\/wp\/v2\/types\/product"}],"replies":[{"embeddable":true,"href":"https:\/\/sapoencantado.es\/index.php\/wp-json\/wp\/v2\/comments?post=582366"}],"wp:featuredmedia":[{"embeddable":true,"href":"https:\/\/sapoencantado.es\/index.php\/wp-json\/wp\/v2\/media\/582359"}],"wp:attachment":[{"href":"https:\/\/sapoencantado.es\/index.php\/wp-json\/wp\/v2\/media?parent=582366"}],"wp:term":[{"taxonomy":"product_brand","embeddable":true,"href":"https:\/\/sapoencantado.es\/index.php\/wp-json\/wp\/v2\/product_brand?post=582366"},{"taxonomy":"product_cat","embeddable":true,"href":"https:\/\/sapoencantado.es\/index.php\/wp-json\/wp\/v2\/product_cat?post=582366"},{"taxonomy":"product_tag","embeddable":true,"href":"https:\/\/sapoencantado.es\/index.php\/wp-json\/wp\/v2\/product_tag?post=582366"}],"curies":[{"name":"wp","href":"https:\/\/api.w.org\/{rel}","templated":true}]}}