{"id":585329,"date":"2025-02-03T19:07:47","date_gmt":"2025-02-03T18:07:47","guid":{"rendered":"https:\/\/sapoencantado.es\/index.php\/producto\/clementoni-libro-blandito-disney-baby-libro-infantil-bebe-a-partir-de-0-meses-17721\/"},"modified":"2025-03-07T10:44:58","modified_gmt":"2025-03-07T09:44:58","slug":"clementoni-libro-blandito-disney-baby-libro-infantil-bebe-a-partir-de-0-meses-17721","status":"publish","type":"product","link":"https:\/\/sapoencantado.es\/index.php\/producto\/clementoni-libro-blandito-disney-baby-libro-infantil-bebe-a-partir-de-0-meses-17721\/","title":{"rendered":"Clementoni &#8211; Libro Blandito Disney Baby Libro Infantil beb\u00e9 a Partir de 0 Meses (17721)"},"content":{"rendered":"<p>Clementoni &#8211; Libro Blandito Disney Baby Libro Infantil beb\u00e9 a Partir de 0 Meses (17721)<\/p>\n<p>Un libro blandito lleno de actividades para explorar con los personajes Disney favoritos de los ni\u00f1os<br \/>\nEl libro se abre y cada p\u00e1gina contiene un dibujo y una actividad diferente para realizar con Baby Mickey, Baby Minnie y su mundo m\u00e1gico<br \/>\n\u00d3ptimo para estimular los sentidos, est\u00e1 realizado con colores en contraste, elementos crujientes, un chirriador y diferentes materiales para captar la atenci\u00f3n de los m\u00e1s peque\u00f1os<br \/>\nEl libro tiene un bot\u00f3n para cerrarlo y es \u00f3ptimo para llevarlo a todas partes<br \/>\nTambi\u00e9n es \u00f3ptimo como panel de cuna gracias a los pr\u00e1cticos lazos<\/p>\n","protected":false},"excerpt":{"rendered":"<p>Clementoni &#8211; Libro Blandito Disney Baby Libro Infantil beb\u00e9 a Partir de 0 Meses (17721)<\/p>\n","protected":false},"featured_media":585324,"comment_status":"open","ping_status":"closed","template":"","meta":{"_monsterinsights_skip_tracking":false,"_monsterinsights_sitenote_active":false,"_monsterinsights_sitenote_note":"","_monsterinsights_sitenote_category":0,"site-sidebar-layout":"default","site-content-layout":"","ast-site-content-layout":"default","site-content-style":"default","site-sidebar-style":"default","ast-global-header-display":"","ast-banner-title-visibility":"","ast-main-header-display":"","ast-hfb-above-header-display":"","ast-hfb-below-header-display":"","ast-hfb-mobile-header-display":"","site-post-title":"","ast-breadcrumbs-content":"","ast-featured-img":"","footer-sml-layout":"","ast-disable-related-posts":"","theme-transparent-header-meta":"","adv-header-id-meta":"","stick-header-meta":"","header-above-stick-meta":"","header-main-stick-meta":"","header-below-stick-meta":"","astra-migrate-meta-layouts":"default","ast-page-background-enabled":"default","ast-page-background-meta":{"desktop":{"background-color":"var(--ast-global-color-4)","background-image":"","background-repeat":"repeat","background-position":"center center","background-size":"auto","background-attachment":"scroll","background-type":"","background-media":"","overlay-type":"","overlay-color":"","overlay-opacity":"","overlay-gradient":""},"tablet":{"background-color":"","background-image":"","background-repeat":"repeat","background-position":"center center","background-size":"auto","background-attachment":"scroll","background-type":"","background-media":"","overlay-type":"","overlay-color":"","overlay-opacity":"","overlay-gradient":""},"mobile":{"background-color":"","background-image":"","background-repeat":"repeat","background-position":"center center","background-size":"auto","background-attachment":"scroll","background-type":"","background-media":"","overlay-type":"","overlay-color":"","overlay-opacity":"","overlay-gradient":""}},"ast-content-background-meta":{"desktop":{"background-color":"var(--ast-global-color-5)","background-image":"","background-repeat":"repeat","background-position":"center center","background-size":"auto","background-attachment":"scroll","background-type":"","background-media":"","overlay-type":"","overlay-color":"","overlay-opacity":"","overlay-gradient":""},"tablet":{"background-color":"var(--ast-global-color-5)","background-image":"","background-repeat":"repeat","background-position":"center center","background-size":"auto","background-attachment":"scroll","background-type":"","background-media":"","overlay-type":"","overlay-color":"","overlay-opacity":"","overlay-gradient":""},"mobile":{"background-color":"var(--ast-global-color-5)","background-image":"","background-repeat":"repeat","background-position":"center center","background-size":"auto","background-attachment":"scroll","background-type":"","background-media":"","overlay-type":"","overlay-color":"","overlay-opacity":"","overlay-gradient":""}}},"product_brand":[],"product_cat":[15,273],"product_tag":[69,527,429,289,74],"class_list":{"0":"post-585329","1":"product","2":"type-product","3":"status-publish","4":"has-post-thumbnail","6":"product_cat-tus-juguetes-favoritos","7":"product_cat-primera-infancia","8":"product_tag-6-meses","9":"product_tag-clementoni","10":"product_tag-disney","11":"product_tag-libro","12":"product_tag-mickey","13":"desktop-align-left","14":"tablet-align-left","15":"mobile-align-left","17":"first","18":"instock","19":"taxable","20":"shipping-taxable","21":"purchasable","22":"product-type-simple"},"aioseo_notices":[],"jetpack_sharing_enabled":true,"jetpack_likes_enabled":true,"_links":{"self":[{"href":"https:\/\/sapoencantado.es\/index.php\/wp-json\/wp\/v2\/product\/585329","targetHints":{"allow":["GET"]}}],"collection":[{"href":"https:\/\/sapoencantado.es\/index.php\/wp-json\/wp\/v2\/product"}],"about":[{"href":"https:\/\/sapoencantado.es\/index.php\/wp-json\/wp\/v2\/types\/product"}],"replies":[{"embeddable":true,"href":"https:\/\/sapoencantado.es\/index.php\/wp-json\/wp\/v2\/comments?post=585329"}],"wp:featuredmedia":[{"embeddable":true,"href":"https:\/\/sapoencantado.es\/index.php\/wp-json\/wp\/v2\/media\/585324"}],"wp:attachment":[{"href":"https:\/\/sapoencantado.es\/index.php\/wp-json\/wp\/v2\/media?parent=585329"}],"wp:term":[{"taxonomy":"product_brand","embeddable":true,"href":"https:\/\/sapoencantado.es\/index.php\/wp-json\/wp\/v2\/product_brand?post=585329"},{"taxonomy":"product_cat","embeddable":true,"href":"https:\/\/sapoencantado.es\/index.php\/wp-json\/wp\/v2\/product_cat?post=585329"},{"taxonomy":"product_tag","embeddable":true,"href":"https:\/\/sapoencantado.es\/index.php\/wp-json\/wp\/v2\/product_tag?post=585329"}],"curies":[{"name":"wp","href":"https:\/\/api.w.org\/{rel}","templated":true}]}}