{"id":585663,"date":"2025-03-27T12:30:43","date_gmt":"2025-03-27T11:30:43","guid":{"rendered":"https:\/\/sapoencantado.es\/index.php\/producto\/dados-locos-hexagono-juego-de-mesa\/"},"modified":"2026-01-02T19:49:16","modified_gmt":"2026-01-02T18:49:16","slug":"dados-locos-hexagono-juego-de-mesa","status":"publish","type":"product","link":"https:\/\/sapoencantado.es\/index.php\/producto\/dados-locos-hexagono-juego-de-mesa\/","title":{"rendered":"Dados locos Hex\u00e1gono &#8211; Juego de mesa"},"content":{"rendered":"<p>Dados locos Hex\u00e1gono &#8211; Juego de mesa, un divertido juego de dados.<\/p>\n<p>Este juego contiene 4 dados locos, 4 peones, 40 fichas e instrucciones.<\/p>\n<p>\u00a1Haz volar tus dados locos y s\u00e9 r\u00e1pido para ganar!<\/p>\n<p>Dados locos es un juego r\u00e1pido, divertido y f\u00e1cil.<\/p>\n<p>Presiona hacia abajo y suelta, \u00a1el dado loco saltar\u00e1!<\/p>\n<p>Si el dado cae en una cara de tu color: \u00a1vas por buen camino para ganar!<\/p>\n<p>Con 4 formas de juego: flipa en colores, caminito multicolor, visto y no visto, y el \u00faltimo superviviente.<\/p>\n<p>\u00a1La diversi\u00f3n est\u00e1 asegurada!<\/p>\n<p>Edad recomendada: +6 a\u00f1os.<\/p>\n<p>Advertencias de Seguridad: PELIGRO DE ASFIXIA: contiene piezas peque\u00f1as que podr\u00edan provocar asfixia en caso de ser ingeridas por el ni\u00f1o\/a. No recomendable para menores de 3 a\u00f1os.<\/p>\n","protected":false},"excerpt":{"rendered":"<p>Dados locos Hex\u00e1gono &#8211; Juego de mesa<\/p>\n","protected":false},"featured_media":585661,"comment_status":"open","ping_status":"closed","template":"","meta":{"_monsterinsights_skip_tracking":false,"_monsterinsights_sitenote_active":false,"_monsterinsights_sitenote_note":"","_monsterinsights_sitenote_category":0,"site-sidebar-layout":"default","site-content-layout":"","ast-site-content-layout":"default","site-content-style":"default","site-sidebar-style":"default","ast-global-header-display":"","ast-banner-title-visibility":"","ast-main-header-display":"","ast-hfb-above-header-display":"","ast-hfb-below-header-display":"","ast-hfb-mobile-header-display":"","site-post-title":"","ast-breadcrumbs-content":"","ast-featured-img":"","footer-sml-layout":"","ast-disable-related-posts":"","theme-transparent-header-meta":"","adv-header-id-meta":"","stick-header-meta":"","header-above-stick-meta":"","header-main-stick-meta":"","header-below-stick-meta":"","astra-migrate-meta-layouts":"default","ast-page-background-enabled":"default","ast-page-background-meta":{"desktop":{"background-color":"var(--ast-global-color-4)","background-image":"","background-repeat":"repeat","background-position":"center center","background-size":"auto","background-attachment":"scroll","background-type":"","background-media":"","overlay-type":"","overlay-color":"","overlay-opacity":"","overlay-gradient":""},"tablet":{"background-color":"","background-image":"","background-repeat":"repeat","background-position":"center center","background-size":"auto","background-attachment":"scroll","background-type":"","background-media":"","overlay-type":"","overlay-color":"","overlay-opacity":"","overlay-gradient":""},"mobile":{"background-color":"","background-image":"","background-repeat":"repeat","background-position":"center center","background-size":"auto","background-attachment":"scroll","background-type":"","background-media":"","overlay-type":"","overlay-color":"","overlay-opacity":"","overlay-gradient":""}},"ast-content-background-meta":{"desktop":{"background-color":"var(--ast-global-color-5)","background-image":"","background-repeat":"repeat","background-position":"center center","background-size":"auto","background-attachment":"scroll","background-type":"","background-media":"","overlay-type":"","overlay-color":"","overlay-opacity":"","overlay-gradient":""},"tablet":{"background-color":"var(--ast-global-color-5)","background-image":"","background-repeat":"repeat","background-position":"center center","background-size":"auto","background-attachment":"scroll","background-type":"","background-media":"","overlay-type":"","overlay-color":"","overlay-opacity":"","overlay-gradient":""},"mobile":{"background-color":"var(--ast-global-color-5)","background-image":"","background-repeat":"repeat","background-position":"center center","background-size":"auto","background-attachment":"scroll","background-type":"","background-media":"","overlay-type":"","overlay-color":"","overlay-opacity":"","overlay-gradient":""}}},"product_brand":[],"product_cat":[259,15,268],"product_tag":[56,540,50],"class_list":{"0":"post-585663","1":"product","2":"type-product","3":"status-publish","4":"has-post-thumbnail","6":"product_cat-juegos-de-mesa","7":"product_cat-tus-juguetes-favoritos","8":"product_cat-ofertas","9":"product_tag-6-anos","10":"product_tag-bizak","11":"product_tag-juegos-de-mesa","12":"desktop-align-left","13":"tablet-align-left","14":"mobile-align-left","16":"first","17":"instock","18":"sale","19":"taxable","20":"shipping-taxable","21":"purchasable","22":"product-type-simple"},"aioseo_notices":[],"jetpack_sharing_enabled":true,"jetpack_likes_enabled":true,"_links":{"self":[{"href":"https:\/\/sapoencantado.es\/index.php\/wp-json\/wp\/v2\/product\/585663","targetHints":{"allow":["GET"]}}],"collection":[{"href":"https:\/\/sapoencantado.es\/index.php\/wp-json\/wp\/v2\/product"}],"about":[{"href":"https:\/\/sapoencantado.es\/index.php\/wp-json\/wp\/v2\/types\/product"}],"replies":[{"embeddable":true,"href":"https:\/\/sapoencantado.es\/index.php\/wp-json\/wp\/v2\/comments?post=585663"}],"wp:featuredmedia":[{"embeddable":true,"href":"https:\/\/sapoencantado.es\/index.php\/wp-json\/wp\/v2\/media\/585661"}],"wp:attachment":[{"href":"https:\/\/sapoencantado.es\/index.php\/wp-json\/wp\/v2\/media?parent=585663"}],"wp:term":[{"taxonomy":"product_brand","embeddable":true,"href":"https:\/\/sapoencantado.es\/index.php\/wp-json\/wp\/v2\/product_brand?post=585663"},{"taxonomy":"product_cat","embeddable":true,"href":"https:\/\/sapoencantado.es\/index.php\/wp-json\/wp\/v2\/product_cat?post=585663"},{"taxonomy":"product_tag","embeddable":true,"href":"https:\/\/sapoencantado.es\/index.php\/wp-json\/wp\/v2\/product_tag?post=585663"}],"curies":[{"name":"wp","href":"https:\/\/api.w.org\/{rel}","templated":true}]}}