{"id":586561,"date":"2025-07-02T12:02:40","date_gmt":"2025-07-02T11:02:40","guid":{"rendered":"https:\/\/sapoencantado.es\/index.php\/producto\/nice-group-group-97004-rainbow-high-postizas-kit-de-decoracion-de-unas-adhesivas-para-ninos-blister-estilo-arcoiris-multicolor-one-size-97004\/"},"modified":"2026-01-05T15:02:08","modified_gmt":"2026-01-05T14:02:08","slug":"rainbow-high-kit-de-decoracion-de-unas-adhesivas","status":"publish","type":"product","link":"https:\/\/sapoencantado.es\/index.php\/producto\/rainbow-high-kit-de-decoracion-de-unas-adhesivas\/","title":{"rendered":"Rainbow High Kit de decoraci\u00f3n de u\u00f1as Adhesivas"},"content":{"rendered":"<p>Rainbow High Kit de decoraci\u00f3n de u\u00f1as Adhesivas<\/p>\n<p>Nice Group Group-97004 Rainbow High postizas, Kit de decoraci\u00f3n de u\u00f1as Adhesivas para ni\u00f1os, bl\u00edster Estilo arco\u00edris, Multicolor, One Size (97004)<\/p>\n<p>EL PRECIO se refiere a la venta de 1 blister individual. Si compras m\u00e1s de uno, recibir\u00e1s blisters sorpresa surtidos entre los presentes en el expositor.<br \/>\nRAIBOW HIGH U\u00f1as: usa u\u00f1as autoadhesivas y adhesivos de colores, de varios patrones y tama\u00f1os, recreando el estilo arco\u00edris de las chicas de moda.<br \/>\nCARACTER\u00cdSTICAS: el juego de u\u00f1as y pegatinas para ni\u00f1os est\u00e1 fabricado con materiales seguros, probados, no t\u00f3xicos, certificados por laboratorios italianos. Las u\u00f1as postizas y las pegatinas se quitan f\u00e1cilmente sumergiendo las manos en agua tibia.<br \/>\nUSO: esta actividad de arte de u\u00f1as con el tema del arco iris ayuda a todos los ni\u00f1os y ni\u00f1as a estimular las habilidades creativas y manuales. Adecuado para fiestas, cumplea\u00f1os, fiestas tem\u00e1ticas.<br \/>\nCONTENIDO: 20 u\u00f1as postizas, 1 hoja con pegatinas. DIMENSIONES: L 8 cm x H 18 cm x Pr 1 cm. Edad recomendada: 5+<\/p>\n","protected":false},"excerpt":{"rendered":"<p>Nice Group Group-97004 Rainbow High postizas, Kit de decoraci\u00f3n de u\u00f1as Adhesivas para ni\u00f1os, bl\u00edster Estilo arco\u00edris, Multicolor, One Size (97004)<\/p>\n","protected":false},"featured_media":586557,"comment_status":"open","ping_status":"closed","template":"","meta":{"_monsterinsights_skip_tracking":false,"_monsterinsights_sitenote_active":false,"_monsterinsights_sitenote_note":"","_monsterinsights_sitenote_category":0,"site-sidebar-layout":"default","site-content-layout":"","ast-site-content-layout":"default","site-content-style":"default","site-sidebar-style":"default","ast-global-header-display":"","ast-banner-title-visibility":"","ast-main-header-display":"","ast-hfb-above-header-display":"","ast-hfb-below-header-display":"","ast-hfb-mobile-header-display":"","site-post-title":"","ast-breadcrumbs-content":"","ast-featured-img":"","footer-sml-layout":"","ast-disable-related-posts":"","theme-transparent-header-meta":"default","adv-header-id-meta":"","stick-header-meta":"","header-above-stick-meta":"","header-main-stick-meta":"","header-below-stick-meta":"","astra-migrate-meta-layouts":"set","ast-page-background-enabled":"default","ast-page-background-meta":{"desktop":{"background-color":"var(--ast-global-color-4)","background-image":"","background-repeat":"repeat","background-position":"center center","background-size":"auto","background-attachment":"scroll","background-type":"","background-media":"","overlay-type":"","overlay-color":"","overlay-opacity":"","overlay-gradient":""},"tablet":{"background-color":"","background-image":"","background-repeat":"repeat","background-position":"center center","background-size":"auto","background-attachment":"scroll","background-type":"","background-media":"","overlay-type":"","overlay-color":"","overlay-opacity":"","overlay-gradient":""},"mobile":{"background-color":"","background-image":"","background-repeat":"repeat","background-position":"center center","background-size":"auto","background-attachment":"scroll","background-type":"","background-media":"","overlay-type":"","overlay-color":"","overlay-opacity":"","overlay-gradient":""}},"ast-content-background-meta":{"desktop":{"background-color":"var(--ast-global-color-5)","background-image":"","background-repeat":"repeat","background-position":"center center","background-size":"auto","background-attachment":"scroll","background-type":"","background-media":"","overlay-type":"","overlay-color":"","overlay-opacity":"","overlay-gradient":""},"tablet":{"background-color":"var(--ast-global-color-5)","background-image":"","background-repeat":"repeat","background-position":"center center","background-size":"auto","background-attachment":"scroll","background-type":"","background-media":"","overlay-type":"","overlay-color":"","overlay-opacity":"","overlay-gradient":""},"mobile":{"background-color":"var(--ast-global-color-5)","background-image":"","background-repeat":"repeat","background-position":"center center","background-size":"auto","background-attachment":"scroll","background-type":"","background-media":"","overlay-type":"","overlay-color":"","overlay-opacity":"","overlay-gradient":""}}},"product_brand":[],"product_cat":[278,15,276],"product_tag":[73,299,569,298],"class_list":{"0":"post-586561","1":"product","2":"type-product","3":"status-publish","4":"has-post-thumbnail","6":"product_cat-belleza","7":"product_cat-tus-juguetes-favoritos","8":"product_cat-ser-mayor","9":"product_tag-5-anos","10":"product_tag-belleza","11":"product_tag-nice","12":"product_tag-unas","13":"desktop-align-left","14":"tablet-align-left","15":"mobile-align-left","17":"first","18":"instock","19":"taxable","20":"shipping-taxable","21":"purchasable","22":"product-type-simple"},"aioseo_notices":[],"jetpack_sharing_enabled":true,"jetpack_likes_enabled":true,"_links":{"self":[{"href":"https:\/\/sapoencantado.es\/index.php\/wp-json\/wp\/v2\/product\/586561","targetHints":{"allow":["GET"]}}],"collection":[{"href":"https:\/\/sapoencantado.es\/index.php\/wp-json\/wp\/v2\/product"}],"about":[{"href":"https:\/\/sapoencantado.es\/index.php\/wp-json\/wp\/v2\/types\/product"}],"replies":[{"embeddable":true,"href":"https:\/\/sapoencantado.es\/index.php\/wp-json\/wp\/v2\/comments?post=586561"}],"wp:featuredmedia":[{"embeddable":true,"href":"https:\/\/sapoencantado.es\/index.php\/wp-json\/wp\/v2\/media\/586557"}],"wp:attachment":[{"href":"https:\/\/sapoencantado.es\/index.php\/wp-json\/wp\/v2\/media?parent=586561"}],"wp:term":[{"taxonomy":"product_brand","embeddable":true,"href":"https:\/\/sapoencantado.es\/index.php\/wp-json\/wp\/v2\/product_brand?post=586561"},{"taxonomy":"product_cat","embeddable":true,"href":"https:\/\/sapoencantado.es\/index.php\/wp-json\/wp\/v2\/product_cat?post=586561"},{"taxonomy":"product_tag","embeddable":true,"href":"https:\/\/sapoencantado.es\/index.php\/wp-json\/wp\/v2\/product_tag?post=586561"}],"curies":[{"name":"wp","href":"https:\/\/api.w.org\/{rel}","templated":true}]}}